n. Let l(h) = h**3 + h**2 + 4. Determine l(q).
-14
Suppose -3*p = i + 73, 4*p + 0*p + 2*i + 94 = 0. Let l = p - -28. Let u(w) = -11*w**3 + 233*w**2 + 1 + 4*w - 232*w**l - 2*w + 0*w. What is u(-1)?
11
Suppose 0 = -2*n - 4 + 12. Let l(a) = -a**3 + 4*a**2 + a. Let z be l(n). Let f(q) = -9 - 4*q - z*q + 12*q. Determine f(6).
15
Let y(x) = -21*x - 219. Let f be y(-11). Let w(k) = k**3 - 11*k**2 - 14*k + 12. Calculate w(f).
-12
Let o(j) = j**2 + 5*j + 1. Let f be o(-5). Let g(b) be the second derivative of -2*b**3/3 + b**2/2 + 2801*b. Calculate g(f).
-3
Let v(s) = 3*s + 1. Suppose 5*c = 6*c + 1, 5*d + 3*c - 417 = 0. Let h = 80 - d. Calculate v(h).
-11
Let l(o) = -o**2 + 7. Let m = -5 + 9. Suppose f = -3*d + d + m, 4*d - 8 = 3*f. Suppose 3*j - 12 = d*q + 7*j, -3 = 4*q + j. What is l(q)?
7
Let c = 112 - 110. Let t(k) = -5*k - 21 - k**2 + c*k + 20 - 3*k. Let j = -7 - -3. What is t(j)?
7
Let s(b) = 3*b + 6. Let c(u) = 2*u - 1. Suppose -12*v + 6*v = 24. Let j(l) = v*c(l) - s(l). Calculate j(-2).
20
Suppose u = -3*u + 12. Let l(w) = -1 + 2*w - 4*w - w**3 + 2*w**u. Let x(v) = -v**2 + 4*v - 5. Let n be x(1). Calculate l(n).
-5
Let p(w) = -w**2 + 2*w + 6. Let d = -2021 - -2026. Determine p(d).
-9
Suppose 7*h - 3*h + 8 = 0. Let n be -2*(0 + 20/(-8)). Let k(q) = -4*q**2 + n*q**2 + 0*q**3 + q**3 + 2*q. What is k(h)?
-8
Let t(r) = -r**2 + 11*r - 21. Let s be t(9). Let x(w) = -w**2 + 10*w + 4. Let z(i) = i**2 - 9*i - 3. Let d(g) = s*x(g) - 4*z(g). Give d(3).
9
Suppose 6*p - 14 = -2. Let o(k) = p + 6*k - 26*k**2 + 27*k**2 + 1. Calculate o(-4).
-5
Let d(i) be the second derivative of 2*i**5/5 + i**4/6 - i**2/2 + i. Let z(o) = o**2 - 7*o - 61. Let a be z(12). What is d(a)?
-7
Let t(c) be the third derivative of 5*c**2 - 7/12*c**4 - 1/60*c**5 + 0*c - 7/6*c**3 + 0. What is t(-14)?
-7
Let n(p) = p**3 - 9*p**2 + 9*p. Suppose -5*g = -4*z + 37, z - 2*g = 5*z - 30. Determine n(z).
8
Suppose -3*f - g = -91 + 81, f = 3*g - 10. Let n(i) be the first derivative of -1/2*i**2 + f*i + 2. Calculate n(-5).
7
Let g(i) = -i - 7. Suppose 2*y - 4 = -0. Suppose 6*s - 62 = -38. Suppose y*b = s*b + 10. What is g(b)?
-2
Let t(x) = 2 - x**2 - 3*x + 64 + 21 + 5*x. Calculate t(-8).
7
Let f(h) = 11*h**3 - 37*h**2 - 23*h - 27. Let l(n) = -n**3 + 3*n**2 + 2*n + 2. Let r(p) = -f(p) - 12*l(p). Let i = -4 + 6. Let o be i*(-6)/8*2. What is r(o)?
-12
Let j(d) be the first derivative of -d**4/4 - 4*d**3/3 + 4*d + 15. Let m be -5*((-39)/(-15) + -2). Calculate j(m).
-5
Suppose 64 - 73 = -f. Let o(r) = 2*r - 16*r + f*r. Give o(-1).
5
Let j = -39 + 34. Let u be -1 - (-3 - j - 8). Let b(r) = r - 6. Calculate b(u).
-1
Let j(u) be the third derivative of 0 + 1/3*u**3 + u**2 + 0*u - 1/24*u**4. Let o(s) = s**3 - 9*s**2 - 10*s + 84. Let n be o(9). Calculate j(n).
8
Let m(p) be the first derivative of -p**6/120 - 3*p**5/20 - 3*p**4/8 - p**3/2 + 5*p**2/2 - 15. Let b(g) be the second derivative of m(g). Give b(-8).
5
Suppose 5*y + 9 + 6 = 0. Let c(a) = 2*a + 3. Calculate c(y).
-3
Let q(d) = -d + 15. Let j be q(16). Let m(g) be the third derivative of 7*g**6/120 - g**4/24 - g**2. Give m(j).
-6
Suppose -9 = -2*w - 1. Suppose 4*i = -5*p + 16, 4*p + 16 = -0*i + w*i. Let v be (-4 + 9/3)*p. Let u(q) = q**3 + q**2 + 7. Give u(v).
7
Let z(d) = -8*d + 2. Let p be z(1). Let c be p/(-3) - (-4)/(-2). Let f(q) = 3*q + q - 6 - 3*q. What is f(c)?
-6
Suppose -2*x = 9*x - 77. Let u(i) = 10*i**2 + 3 - i**3 + 1 + 2*i - x*i**2. Give u(4).
-4
Let n(j) = j**3 - 14*j**2 - 8. Let m be n(14). Let w = m - -14. Let b = w + -3. Let z(q) = q**3 - 4*q**2 + 5*q - 3. What is z(b)?
3
Let p(i) = -5*i**3 - i**2 + i. Let v(x) = -x**3 - x**2 + 1. Let d = 17 + -13. Suppose -d*m = -b, -4*m - 2*b = 3*b. Let j be v(m). Calculate p(j).
-5
Let d be (-2)/(-4) + (-18)/(-4). Let q be -3 - (-52)/(-4 - -8). Suppose -d*o - p - 1 = -q*o, p = -o - 1. Let s(z) = -z**2 - z - 3. Calculate s(o).
-3
Suppose 2*t - 11 = 3*k, -5*k + 16 = -k + 5*t. Let i(q) = -9*q. Let x(p) = p. Let v(j) = -2*i(j) - 14*x(j). Calculate v(k).
-4
Let u(q) = q**2 - 7*q + 6. Suppose -28 = -4*i + 12. Let b = 187 + -185. Suppose -2 = b*r - i. What is u(r)?
-6
Let y(q) be the first derivative of q**4/4 - 4*q**3/3 - q**2 + 338. Let u(g) = g**3 - 5*g**2 + 2*g - 5. Let i be u(5). Give y(i).
15
Let q(u) = 9*u**2 - 3*u - 1. Suppose 4*v - z = -5, -5*z - 11 = -28*v + 26*v. Calculate q(v).
41
Let i be (-6)/9*63/6. Let g(w) = w**3 - 5*w**2 + w - 10. Let s(n) = -3*n**3 + 14*n**2 - 3*n + 30. Let h(l) = i*g(l) - 2*s(l). Calculate h(7).
3
Let o be (((-8)/(-60))/(-1))/((-24)/9). Let n(a) be the second derivative of 1/4*a**4 + o*a**5 + 0 - 3*a + a**2 + 2/3*a**3. Determine n(-2).
-2
Let l(p) be the first derivative of -p**6/360 + p**5/30 + 7*p**4/24 - 7*p**3/3 - 13. Let z(v) be the third derivative of l(v). Determine z(6).
-5
Let o(p) = 2*p**2 + 9*p - 48. Let j(w) = w**2 + w. Let l(n) = 3*j(n) - o(n). Let c(y) be the first derivative of l(y). Give c(5).
4
Let b(d) = -19*d + 27*d - 29*d. Determine b(1).
-21
Suppose -19 = -5*i - 4. Let a(q) = 5 + 3*q - q - i*q. Determine a(4).
1
Let x = 0 + 20. Suppose 35 = 4*i + 3*y, -4*i + 5*y - x = -3*i. Let s(t) = -2 - 3*t + 1 + i*t + 0*t. Calculate s(3).
5
Let h(q) = 2*q - 23. Let z be h(7). Let x(d) = -d**2 - 10*d - 12. What is x(z)?
-3
Let w(u) = -u**2 - 2*u - 1. Let a(b) be the second derivative of b**5/20 + 3*b**4/4 + 4*b**3/3 - 3*b. Let c be a(-8). Let v = -1 + c. Give w(v).
0
Let z(v) be the first derivative of -1/2*v**2 + v + 2/3*v**3 + 5. What is z(2)?
7
Let h(z) = z + 0*z**3 - 3*z**2 + 4 - 4*z**3 + 5*z**3. Let q be h(2). Let y(m) = -m**3 + 2*m - 2. Determine y(q).
-6
Let j = -662 - -664. Let g(u) be the first derivative of -1/2*u**j - 5*u + 8. Calculate g(-7).
2
Let x(l) be the first derivative of -l**3/3 + 6*l**2 + 13*l - 7. What is x(12)?
13
Let m(q) = q**3 + 3*q**2 + 5*q - 13. Let v be m(-7). Let p be v/36 + (-20)/9 + 2. Let d(b) = 2*b - 10. Give d(p).
-24
Let c(v) = 2*v**3 - 2*v**2 - 3*v + 3. Let k(n) = -2*n**3 + 2*n**2 + 3*n - 3. Let p(x) = -4*c(x) - 5*k(x). Determine p(2).
5
Let r = 0 + -1. Suppose 8*o - 10*o = -4. Let s(q) = 13*q**o - 16*q**2 - 2*q - 1 + 11*q**2. Calculate s(r).
9
Let x(o) = -6 - o**3 - 9 + 2 + 0*o**3 + 1 - 5*o**2 - o. Calculate x(-5).
-7
Let s(z) = 191 - 67 - 56 + z - 62. What is s(-3)?
3
Let b be (-4)/5 - (16/(-20) - -5). Suppose 3*i = -2*x + 20, 0 = x + 3*i - 11 - 2. Let d(v) = 6*v**3 - x*v**3 + 2*v**3 + 3*v + 5*v**2 + 2. Give d(b).
-13
Suppose -4*u = -2*y - 32, 4*u = 11*y - 6*y + 26. Let f(g) = -g**3 + 10*g**2 - 10*g + 5. Determine f(u).
-4
Suppose b - 10 = -0. Let z be (6/4 + -2)*b. Let l(v) = 3*v + v - 13 - 7*v + 7. Determine l(z).
9
Let t(s) = 40*s + 1. Let y(k) = -10*k. Let x(j) = t(j) + y(j). Determine x(-3).
-89
Let r(v) = v + 3. Suppose -3*t + s = -0*s + 226, -3*t - 5*s - 256 = 0. Let l be (-1)/(-7) + 319/t. Give r(l).
-1
Let p(x) = -x**2 + 3*x - 1. Let b be p(3). Let o = -26 + 31. Let r(v) = 6*v**2 - 15*v**2 - o*v + 6*v + 6*v**2. What is r(b)?
-4
Let v(g) = 21*g + 47 + 4*g + 13*g - 3*g + 14*g**2. Let n(u) = 5*u**2 + 12*u + 16. Let k(r) = 17*n(r) - 6*v(r). Determine k(7).
-3
Let d(p) = 5*p + 8. Let c = -204 + 202. Determine d(c).
-2
Let m(l) be the first derivative of -2*l + 1/2*l**2 - 9. Give m(-6).
-8
Suppose 4*u - 8 = 4. Suppose -u*h = 8 - 47. Let w = h - 15. Let b(g) = -g**3 - 2*g**2 - 4*g - 2. Give b(w).
6
Let j(q) = q + 16. Let a be j(-14). Let g(r) = -2 - r**a - 3*r**2 + 3. Let l(u) = 3*u**2 - 1. Let t(n) = 3*g(n) + 2*l(n). Calculate t(1).
-5
Suppose 5*d + 14 = 2*t, -3*t - d + 0 = -4. Let r(u) = -2*u + 9 - 4 - t. Calculate r(5).
-7
Let j(z) be the second derivative of -z**3/3 - 5*z - 5. Determine j(-5).
10
Let x be (1/(-2))/((-1)/4). Let z(c) be the third derivative of -c**5/60 + c**4/24 + c**3/6 - 44*c**2. Calculate z(x).
-1
Let i(l) be the third derivative of l**4/6 + 8*l**3/3 - 7*l**2. Let b be i(-5). Let a(c) = -4*c + 6. Let j(q) = q - 2. Let p(v) = -6*a(v) - 21*j(v). Give p(b).
-6
Let y(q) = -q**2 - 8*q + 6. Suppose 0 = t - p + 6, 11 = -4*t + 5*p - 17. Let r be 0 + t + -3 + -3. What is y(r)?
6
Let q(l) be the first derivative of -l**3/3 - 3*l**2 - 2*l + 93. Calculate q(-8).
-18
Let t(v) = -v**2 - v + 2. Let a(h) = h + 8. Let n be a(-8). Let u be t(n). Let r(c) = 5*c - u + 3*c**2 - 2*c**2 + 0*c**2. Calculate r(-4).
-6